{"id":38,"date":"2024-09-10T09:33:35","date_gmt":"2024-09-10T12:33:35","guid":{"rendered":"https:\/\/construtoraelevacao.com.br\/apresentacao\/?page_id=38"},"modified":"2024-10-01T18:32:15","modified_gmt":"2024-10-01T21:32:15","slug":"inicial","status":"publish","type":"page","link":"https:\/\/construtoraelevacao.com.br\/apresentacao\/","title":{"rendered":"Inicial"},"content":{"rendered":"\t\t<div data-elementor-type=\"wp-page\" data-elementor-id=\"38\" class=\"elementor elementor-38\" data-elementor-post-type=\"page\">\n\t\t\t\t<div class=\"elementor-element elementor-element-d6ea180 e-con-full e-flex e-con e-parent\" data-id=\"d6ea180\" data-element_type=\"container\" data-e-type=\"container\">\n\t\t<div class=\"elementor-element elementor-element-5298adb e-con-full e-flex e-con e-child\" data-id=\"5298adb\" data-element_type=\"container\" data-e-type=\"container\">\n\t\t\t\t<div class=\"elementor-element elementor-element-3347e7e elementor-mobile-align-center elementor-icon-list--layout-traditional elementor-list-item-link-full_width elementor-widget elementor-widget-icon-list\" data-id=\"3347e7e\" data-element_type=\"widget\" data-e-type=\"widget\" data-widget_type=\"icon-list.default\">\n\t\t\t\t<div class=\"elementor-widget-container\">\n\t\t\t\t\t\t\t<ul class=\"elementor-icon-list-items\">\n\t\t\t\t\t\t\t<li class=\"elementor-icon-list-item\">\n\t\t\t\t\t\t\t\t\t\t\t<span class=\"elementor-icon-list-icon\">\n\t\t\t\t\t\t\t<svg aria-hidden=\"true\" class=\"e-font-icon-svg e-fas-info-circle\" viewBox=\"0 0 512 512\" xmlns=\"http:\/\/www.w3.org\/2000\/svg\"><path d=\"M256 8C119.043 8 8 119.083 8 256c0 136.997 111.043 248 248 248s248-111.003 248-248C504 119.083 392.957 8 256 8zm0 110c23.196 0 42 18.804 42 42s-18.804 42-42 42-42-18.804-42-42 18.804-42 42-42zm56 254c0 6.627-5.373 12-12 12h-88c-6.627 0-12-5.373-12-12v-24c0-6.627 5.373-12 12-12h12v-64h-12c-6.627 0-12-5.373-12-12v-24c0-6.627 5.373-12 12-12h64c6.627 0 12 5.373 12 12v100h12c6.627 0 12 5.373 12 12v24z\"><\/path><\/svg>\t\t\t\t\t\t<\/span>\n\t\t\t\t\t\t\t\t\t\t<span class=\"elementor-icon-list-text\">Escolha a op\u00e7\u00e3o abaixo para iniciar a navega\u00e7\u00e3o.<\/span>\n\t\t\t\t\t\t\t\t\t<\/li>\n\t\t\t\t\t\t<\/ul>\n\t\t\t\t\t\t<\/div>\n\t\t\t\t<\/div>\n\t\t\t\t<div class=\"elementor-element elementor-element-31a7757 elementor-mobile-align-center elementor-widget-widescreen__width-initial elementor-widget elementor-widget-button\" data-id=\"31a7757\" data-element_type=\"widget\" data-e-type=\"widget\" data-widget_type=\"button.default\">\n\t\t\t\t<div class=\"elementor-widget-container\">\n\t\t\t\t\t\t\t\t\t<div class=\"elementor-button-wrapper\">\n\t\t\t\t\t<a class=\"elementor-button elementor-button-link elementor-size-sm\" href=\"https:\/\/construtoraelevacao.com.br\/apresentacao\/obras\/\" id=\"abrirMenu\">\n\t\t\t\t\t\t<span class=\"elementor-button-content-wrapper\">\n\t\t\t\t\t\t<span class=\"elementor-button-icon\">\n\t\t\t\t<svg xmlns=\"http:\/\/www.w3.org\/2000\/svg\" width=\"50\" height=\"45\" viewBox=\"0 0 50 45\" fill=\"none\"><path d=\"M1 9.57143V43.8571L16 35.2857L33.1429 43.8571L48.1429 35.2857V1L33.1429 9.57143L16 1L1 9.57143Z\" stroke=\"white\" stroke-width=\"2\" stroke-linecap=\"round\" stroke-linejoin=\"round\"><\/path><path d=\"M16 1V35.2857\" stroke=\"white\" stroke-width=\"2\" stroke-linecap=\"round\" stroke-linejoin=\"round\"><\/path><path d=\"M33.1428 9.57143V43.8571\" stroke=\"white\" stroke-width=\"2\" stroke-linecap=\"round\" stroke-linejoin=\"round\"><\/path><\/svg>\t\t\t<\/span>\n\t\t\t\t\t\t\t\t\t<span class=\"elementor-button-text\">Mapa de atua\u00e7\u00e3o<\/span>\n\t\t\t\t\t<\/span>\n\t\t\t\t\t<\/a>\n\t\t\t\t<\/div>\n\t\t\t\t\t\t\t\t<\/div>\n\t\t\t\t<\/div>\n\t\t\t\t<\/div>\n\t\t<div class=\"elementor-element elementor-element-18bbaf9 e-con-full e-flex e-con e-child\" data-id=\"18bbaf9\" data-element_type=\"container\" data-e-type=\"container\">\n\t\t<div class=\"elementor-element elementor-element-9c2db5e e-con-full e-flex e-con e-child\" data-id=\"9c2db5e\" data-element_type=\"container\" data-e-type=\"container\">\n\t\t\t\t<div class=\"elementor-element elementor-element-dd265cb elementor-hidden-widescreen elementor-hidden-desktop elementor-hidden-laptop dce_masking-none elementor-widget elementor-widget-image\" data-id=\"dd265cb\" data-element_type=\"widget\" data-e-type=\"widget\" data-widget_type=\"image.default\">\n\t\t\t\t<div class=\"elementor-widget-container\">\n\t\t\t\t\t\t\t\t\t\t\t\t\t\t\t<img fetchpriority=\"high\" decoding=\"async\" width=\"800\" height=\"105\" src=\"https:\/\/construtoraelevacao.com.br\/apresentacao\/wp-content\/uploads\/2024\/09\/construtora-elevacao.png\" class=\"attachment-large size-large wp-image-1164\" alt=\"\" srcset=\"https:\/\/construtoraelevacao.com.br\/apresentacao\/wp-content\/uploads\/2024\/09\/construtora-elevacao.png 978w, https:\/\/construtoraelevacao.com.br\/apresentacao\/wp-content\/uploads\/2024\/09\/construtora-elevacao-300x39.png 300w, https:\/\/construtoraelevacao.com.br\/apresentacao\/wp-content\/uploads\/2024\/09\/construtora-elevacao-768x101.png 768w\" sizes=\"(max-width: 800px) 100vw, 800px\" \/>\t\t\t\t\t\t\t\t\t\t\t\t\t\t\t<\/div>\n\t\t\t\t<\/div>\n\t\t<div class=\"elementor-element elementor-element-c3621d5 e-con-full elementor-hidden-tablet elementor-hidden-mobile e-flex e-con e-child\" data-id=\"c3621d5\" data-element_type=\"container\" data-e-type=\"container\">\n\t\t\t\t<div class=\"elementor-element elementor-element-8da40cf dce_masking-none elementor-widget elementor-widget-image\" data-id=\"8da40cf\" data-element_type=\"widget\" data-e-type=\"widget\" data-widget_type=\"image.default\">\n\t\t\t\t<div class=\"elementor-widget-container\">\n\t\t\t\t\t\t\t\t\t\t\t\t\t\t\t<img decoding=\"async\" width=\"211\" height=\"211\" src=\"https:\/\/construtoraelevacao.com.br\/apresentacao\/wp-content\/uploads\/2024\/09\/Simplification.svg\" class=\"attachment-large size-large wp-image-1069\" alt=\"\" \/>\t\t\t\t\t\t\t\t\t\t\t\t\t\t\t<\/div>\n\t\t\t\t<\/div>\n\t\t\t\t<\/div>\n\t\t<div class=\"elementor-element elementor-element-9d7b979 e-con-full elementor-hidden-tablet elementor-hidden-mobile e-flex e-con e-child\" data-id=\"9d7b979\" data-element_type=\"container\" data-e-type=\"container\">\n\t\t\t\t<div class=\"elementor-element elementor-element-6656589 elementor-widget elementor-widget-text-editor\" data-id=\"6656589\" data-element_type=\"widget\" data-e-type=\"widget\" data-widget_type=\"text-editor.default\">\n\t\t\t\t<div class=\"elementor-widget-container\">\n\t\t\t\t\t\t\t\t\t<p>H\u00c1 48 ANOS TRANSFORMANDO A<\/p>\t\t\t\t\t\t\t\t<\/div>\n\t\t\t\t<\/div>\n\t\t\t\t<div class=\"elementor-element elementor-element-292dff3 elementor-widget elementor-widget-text-editor\" data-id=\"292dff3\" data-element_type=\"widget\" data-e-type=\"widget\" data-widget_type=\"text-editor.default\">\n\t\t\t\t<div class=\"elementor-widget-container\">\n\t\t\t\t\t\t\t\t\t<p>INFRAESTRUTURA DO BRASIL.<\/p>\t\t\t\t\t\t\t\t<\/div>\n\t\t\t\t<\/div>\n\t\t\t\t<\/div>\n\t\t\t\t<\/div>\n\t\t\t\t<\/div>\n\t\t\t\t<\/div>\n\t\t\t\t<\/div>\n\t\t","protected":false},"excerpt":{"rendered":"<p>Escolha a op\u00e7\u00e3o abaixo para iniciar a navega\u00e7\u00e3o. Mapa de atua\u00e7\u00e3o H\u00c1 48 ANOS TRANSFORMANDO A INFRAESTRUTURA DO BRASIL.<\/p>\n","protected":false},"author":3,"featured_media":0,"parent":0,"menu_order":0,"comment_status":"closed","ping_status":"closed","template":"","meta":{"_acf_changed":false,"pgc_sgb_lightbox_settings":"","footnotes":""},"class_list":["post-38","page","type-page","status-publish","hentry"],"acf":[],"_links":{"self":[{"href":"https:\/\/construtoraelevacao.com.br\/apresentacao\/wp-json\/wp\/v2\/pages\/38","targetHints":{"allow":["GET"]}}],"collection":[{"href":"https:\/\/construtoraelevacao.com.br\/apresentacao\/wp-json\/wp\/v2\/pages"}],"about":[{"href":"https:\/\/construtoraelevacao.com.br\/apresentacao\/wp-json\/wp\/v2\/types\/page"}],"author":[{"embeddable":true,"href":"https:\/\/construtoraelevacao.com.br\/apresentacao\/wp-json\/wp\/v2\/users\/3"}],"replies":[{"embeddable":true,"href":"https:\/\/construtoraelevacao.com.br\/apresentacao\/wp-json\/wp\/v2\/comments?post=38"}],"version-history":[{"count":271,"href":"https:\/\/construtoraelevacao.com.br\/apresentacao\/wp-json\/wp\/v2\/pages\/38\/revisions"}],"predecessor-version":[{"id":2391,"href":"https:\/\/construtoraelevacao.com.br\/apresentacao\/wp-json\/wp\/v2\/pages\/38\/revisions\/2391"}],"wp:attachment":[{"href":"https:\/\/construtoraelevacao.com.br\/apresentacao\/wp-json\/wp\/v2\/media?parent=38"}],"curies":[{"name":"wp","href":"https:\/\/api.w.org\/{rel}","templated":true}]}}